 factors of 9465078?
2, 3, 7, 19, 29, 409
List the prime factors of 43766856.
2, 3, 7, 37, 2347
What are the prime factors of 350684?
2, 87671
List the prime factors of 3714138.
2, 3, 206341
List the prime factors of 134293.
134293
List the prime factors of 5054787.
3, 29, 107, 181
List the prime factors of 18766719.
3, 2085191
What are the prime factors of 12265956?
2, 3, 29, 31, 379
List the prime factors of 289744.
2, 7, 13, 199
What are the prime factors of 739082?
2, 23, 16067
List the prime factors of 483133.
7, 69019
What are the prime factors of 7900920?
2, 3, 5, 17, 1291
List the prime factors of 2785740.
2, 3, 5, 29, 1601
List the prime factors of 26146826.
2, 31, 83, 5081
What are the prime factors of 3421401?
3, 109, 10463
List the prime factors of 321396.
2, 3, 26783
List the prime factors of 112468.
2, 31, 907
List the prime factors of 2558271.
3, 852757
What are the prime factors of 916848?
2, 3, 6367
List the prime factors of 8996134.
2, 7, 642581
List the prime factors of 203899.
29, 79, 89
List the prime factors of 964200.
2, 3, 5, 1607
List the prime factors of 916247.
197, 4651
What are the prime factors of 981554?
2, 7, 70111
What are the prime factors of 295703?
295703
What are the prime factors of 2950384?
2, 17, 10847
What are the prime factors of 708866?
2, 17, 20849
What are the prime factors of 25211?
17, 1483
List the prime factors of 236345.
5, 47269
What are the prime factors of 167449?
167449
List the prime factors of 263906.
2, 127, 1039
What are the prime factors of 11625817?
7, 641, 2591
What are the prime factors of 24001136?
2, 1500071
What are the prime factors of 22897000?
2, 5, 7, 3271
List the prime factors of 4578065.
5, 915613
List the prime factors of 26122549.
19, 23, 113
What are the prime factors of 11599596?
2, 3, 419, 769
What are the prime factors of 4729520?
2, 5, 59119
List the prime factors of 239583.
3, 79861
What are the prime factors of 5264660?
2, 5, 29, 313
List the prime factors of 1002883.
7, 97, 211
What are the prime factors of 722461?
41, 67, 263
List the prime factors of 60693.
3, 20231
List the prime factors of 4190697.
3, 7, 19, 389
What are the prime factors of 11911272?
2, 3, 496303
List the prime factors of 246798.
2, 3, 13711
List the prime factors of 185244.
2, 3, 43, 359
List the prime factors of 17003255.
5, 1277, 2663
List the prime factors of 6401891.
6401891
What are the prime factors of 7518692?
2, 17, 110569
List the prime factors of 871045.
5, 7, 41, 607
What are the prime factors of 3605302?
2, 1802651
List the prime factors of 807561.
3, 53, 1693
List the prime factors of 12289.
12289
What are the prime factors of 410308?
2, 67, 1531
What are the prime factors of 607418?
2, 7, 43, 1009
What are the prime factors of 188454?
2, 3, 7, 641
What are the prime factors of 2112676?
2, 43, 71, 173
What are the prime factors of 8443027?
2161, 3907
List the prime factors of 2990340.
2, 3, 5, 37, 449
What are the prime factors of 3697420?
2, 5, 199, 929
List the prime factors of 124808.
2, 15601
What are the prime factors of 374353?
7, 53479
What are the prime factors of 55315?
5, 13, 23, 37
What are the prime factors of 195161?
195161
What are the prime factors of 890679?
3, 359, 827
What are the prime factors of 8646790?
2, 5, 864679
What are the prime factors of 5834370?
2, 3, 5, 194479
List the prime factors of 458431.
617, 743
What are the prime factors of 2658054?
2, 3, 7, 9041
What are the prime factors of 35644692?
2, 3, 181, 16411
What are the prime factors of 91305?
3, 5, 2029
What are the prime factors of 18626028?
2, 3, 1552169
List the prime factors of 1889169.
3, 629723
List the prime factors of 60778.
2, 30389
List the prime factors of 215929.
7, 109, 283
List the prime factors of 838554.
2, 3, 139759
List the prime factors of 810402.
2, 3, 31, 4357
What are the prime factors of 1306332?
2, 3, 131, 277
List the prime factors of 366254.
2, 7, 26161
What are the prime factors of 3177393?
3, 1059131
What are the prime factors of 206730?
2, 3, 5, 2297
List the prime factors of 3012611.
7, 31, 13883
What are the prime factors of 2497651?
13, 14779
List the prime factors of 234582.
2, 3, 39097
What are the prime factors of 3858769?
29, 271, 491
List the prime factors of 1129397.
71, 15907
What are the prime factors of 36493?
36493
What are the prime factors of 1660709?
1660709
List the prime factors of 23877490.
2, 5, 7, 13, 19, 1381
What are the prime factors of 947756?
2, 41, 5779
What are the prime factors of 1274831?
103, 12377
What are the prime factors of 3224922?
2, 3, 23, 23369
List the prime factors of 16931462.
2, 163, 167, 311
What are the prime factors of 149766?
2, 3, 109, 229
What are the prime factors of 1452876?
2, 3, 41, 2953
What are the prime factors of 39823?
7, 5689
List the prime factors of 59757.
3, 19919
List the prime factors of 1498007.
7, 173, 1237
What are the prime factors of 220140?
2, 3, 5, 1223
List the prime factors of 4560629.
1487, 3067
What are the prime factors of 11292042?
2, 3, 19, 99053
What are the prime factors of 1678340?
2, 5, 31, 2707
List the prime factors of 2766705.
3, 5, 184447
What are the prime factors of 2630853?
3, 139, 701
List the prime factors of 9775153.
17, 575009
What are the prime factors of 6257252?
2, 1564313
What are the prime factors of 1737921?
3, 79, 7333
List the prime factors of 1000177.
71, 14087
What are the prime factors of 6192617?
109, 56813
List the prime factors of 6649237.
7, 949891
List the prime factors of 971280.
2, 3, 5, 19, 71
List the prime factors of 5203168.
2, 277, 587
List the prime factors of 182250.
2, 3, 5
List the prime factors of 16215.
3, 5, 23, 47
List the prime factors of 179038.
2, 89519
What are the prime factors of 119903?
7, 2447
What are the prime factors of 1978553?
151, 13103
List the prime factors of 569379.
3, 53, 3581
What are the prime factors of 2065985?
5, 413197
What are the prime factors of 461234?
2, 103, 2239
What are the prime factors of 35682?
2, 3, 19, 313
List the prime factors of 19999008.
2, 3, 79, 293
What are the prime factors of 32504089?
31, 367, 2857
What are the prime factors of 3717151?
727, 5113
What are the prime factors of 6387892?
2, 7, 228139
What are the prime factors of 52241?
7, 17, 439
What are the prime factors of 288116?
2, 17, 19, 223
What are the prime factors of 2437208?
2, 304651
List the prime factors of 6226078.
2, 3113039
List the prime factors of 19176635.
5, 199, 19273
What are the prime factors of 1017229?
17, 53, 1129
What are the prime factors of 292388?
2, 67, 1091
List the prime factors of 2349484.
2, 587371
List the prime factors of 280227.
3, 29, 3221
What are the prime factors of 112902?
2, 3, 31, 607
What are the prime factors of 197208?
2, 3, 11, 83
What are the prime factors of 7743156?
2, 3, 47, 13729
What are the prime factors of 975568?
2, 11, 23, 241
What are the prime factors of 16208198?
2, 8104099
What are the prime factors of 4581811?
13, 113, 3119
List the prime factors of 12745259.
12745259
List the prime factors of 7851309.
3, 2617103
What are the prime factors of 504315?
3, 5, 7, 1601
List the prime factors of 11256387.
3, 241, 15569
List the prime factors of 788036.
2, 197009
List the prime factors of 3916807.
127, 30841
What are the prime factors of 199151?
199151
List the prime factors of 10611822.
2, 3, 13, 37, 3677
What are the prime factors of 2013724?
2, 503431
What are the prime factors of 536908?
2, 134227
List the prime factors of 6385527.
3, 71, 3331
What are the prime factors of 141812?
2, 11, 293
What are the prime factors of 498835?
5, 99767
What are the prime factors of 1686936?
2, 3, 70289
List the prime factors of 601400.
2, 5, 31, 97
List the prime factors of 1256481.
3, 139609
What are the prime factors of 107442?
2, 3, 47, 127
List the prime factors of 17111709.
3, 633767
What are the prime factors of 8467025?
5, 7, 48383
List the prime factors of 751173.
3, 337, 743
What are the prime factors of 160570?
2, 5, 16057
What are the prime factors of 1260965?
5, 252193
List the prime factors of 33472492.
2, 8368123
What are the prime factors of 6168463?
7, 125887
What are the prime factors of 1736102?
2, 868051
List the prime factors of 13506941.
7, 1929563
What are the prime factors 